-356)*(-2)/(-3)?
6
Suppose -43956 - 22691 = -21*v + 1477. What is the tens digit of v?
4
Let i(o) = 13*o**2 + 10*o + 48. Suppose 16*p + 38 + 90 = 0. What is the units digit of i(p)?
0
Suppose 183*x = 176*x + 30408. Suppose -5*m + 3*g = -5432, -29*g = -4*m - 27*g + x. What is the thousands digit of m?
1
Let w(k) = k**3 + 3*k**2 + 2*k + 3. Let y be w(-5). Let n(a) = a**2 + 14*a - 247. Let m be n(-26). Let z = m + y. What is the units digit of z?
8
Let r be 37/7 - 1 - (-26)/(-91). Let t(i) = 28*i + 6. Let c be t(r). Let d = -86 + c. What is the tens digit of d?
3
Let t(u) = -37*u - 8. Let s be t(-5). Let y be s + 0/(-3) + -1. Suppose 4*k - 6*k = -y. What is the units digit of k?
8
Let k(m) = -m**2 + 11*m - 16. Let a = 56 + -47. Let c be k(a). What is the units digit of ((-24)/(-9))/(c/33)?
4
Let f = 114 - 110. Let q be (-5 + 5)/(2/(-2)). Suppose -14 = -a + 2*v, 6*a - 2*a + f*v - 8 = q. What is the units digit of a?
6
Suppose 5*r - 19559 - 4113 = 6543. What is the thousands digit of r?
6
Let n(x) = -x**2 - x + 335. Let k be n(0). Suppose 240 = k*d - 334*d. What is the tens digit of d?
4
Suppose -12899 - 83925 = -26*q + 76596. What is the hundreds digit of q?
6
Let f(p) = p**2 - p. Let t(m) = -6*m**2 + 3*m + 13. Let r(d) = -5*f(d) - t(d). What is the hundreds digit of r(-22)?
4
Let i(m) = 387*m + 2979. What is the hundreds digit of i(22)?
4
Let l = 48029 - 23695. What is the tens digit of l?
3
Let l be (-13 + 15)/((-3)/(-21)). Suppose 2*u = -6, -5*u = -15*n + l*n + 237. What is the tens digit of n?
2
Suppose -10*q - 119 + 139 = 0. Suppose -5*f - 567 = q*i - 2113, 0 = 3*f + 6. What is the tens digit of i?
7
Suppose 290*g - 432063 = 107*g. What is the tens digit of g?
6
Let d(l) = 34199*l - 1046. What is the tens digit of d(1)?
5
Let s(u) = -u**3 + 2*u**2 + 10*u. Suppose 0 = -3*a + i + 14, 4*a - 2*i = -7*i + 6. Suppose 3*m - 5 = a*m. What is the hundreds digit of s(m)?
1
Suppose -2*a + 6*a - y - 5245 = 0, 3*a + y - 3925 = 0. Suppose -25*s = -9390 - a. What is the hundreds digit of s?
4
Let g(z) = -185*z**2 + 2*z - 1. Let u be g(1). Let c = 259 + u. Let n = 200 - c. What is the units digit of n?
5
Suppose 4*j + 14 = 4*y - 6, 4*j + 21 = 3*y. Let l be 18*j/(-2)*(-5)/(-45). Suppose l*b = -151 + 733. What is the tens digit of b?
9
What is the thousands digit of (0 + 89)/((50/100)/(182 + -4))?
1
What is the tens digit of (5 - 1014/(-8))*(327 - -25)?
7
Suppose 0 = -4*r - 4*g - 28, -3*r = 5*g + 7 + 6. Let b(z) = z**3 + 13*z**2 - 9*z - 20. What is the units digit of b(r)?
1
Let o be -15*6/(-9) + 0. Let a(q) = -22 - o*q - 15*q + 22. What is the units digit of a(-3)?
5
Let h = -129 + 156. What is the tens digit of (-1010)/(-8) - (1 + h/(-36))?
2
Let z = -10030 - -16047. What is the tens digit of z?
1
Let a be ((-3)/9)/(2/(-24)) + -1. Suppose -3 = 5*n + 2, -a*n = l - 4. What is the units digit of l?
7
Let p = -24337 + 71975. What is the thousands digit of p?
7
Let r be 1 + -2*(-4)/(-8). Suppose f - 2*f - 4*t + 23 = r, -f - 5*t = -26. Suppose -f*b + 120 = b. What is the units digit of b?
0
Let b(x) = 13*x**3 + 2*x**2 + 16*x + 37. What is the tens digit of b(9)?
2
Let w = 49239 - 20939. What is the units digit of w?
0
Let y = -67525 + 99919. What is the tens digit of y?
9
Let y be 15/(-9)*1/((-20)/36). Suppose 9 = 4*b - 3. Suppose 11 + 1 = -y*g, 2*u - 410 = b*g. What is the tens digit of u?
9
Let b(d) be the third derivative of 3/8*d**4 - d**3 + 0 + 0*d + 1/15*d**5 + 2*d**2. What is the units digit of b(3)?
7
Let m be 16951 - (-6 + -6 + 6). Suppose -m = -37*h + 17897. What is the units digit of h?
2
Suppose -11*k + 47355 = 5720. What is the tens digit of k?
8
Suppose 289*v + 471 - 30 = 298*v. What is the tens digit of v?
4
Suppose 5000 = 12*i - 2*i. Let g be (-4)/14 + (-744)/(-56). Suppose -g*f = -3*f - i. What is the tens digit of f?
5
Suppose 0*o - 5*o + 3*s = 35, -4*o - 28 = s. Let y(m) = m - 25. Let r be y(o). Let t = r + 132. What is the hundreds digit of t?
1
Let y(p) = p**2 + 11*p + 32. Let f be y(-6). Let o(v) = 8*v**2 + v - 2. Let j(t) = -t**2 - 1. Let g(x) = -3*j(x) + o(x). What is the tens digit of g(f)?
4
Let j(b) = 50*b + 68. Let y be j(-11). Let i = 702 + y. Suppose 10*s - 220 = i. What is the units digit of s?
4
Suppose 13*y - 12*y = -4*c + 17872, 71428 = 4*y - 4*c. What is the units digit of y?
0
Let i = 45 - 23. Let q(r) be the third derivative of -r**6/60 + 3*r**5/4 - 23*r**4/24 + 4*r**3 - 135*r**2. What is the units digit of q(i)?
2
Suppose w + 2*z = 8712, w + 7*z + 3530 = 12212. What is the hundreds digit of w?
7
Let p be 5/(-2) - (-14707)/14. Let d = -28 - -48. What is the units digit of -5*p/(-10)*5/d?
1
Suppose -5*q + 2*p = 609, 2*q - 5*p - 138 = 3*q. Let f = 391 + q. Suppose f - 1360 = -13*u. What is the tens digit of u?
8
Suppose 2*y - 3*g = -0*y + 16, 5*y - 4*g = 33. Suppose 0 = y*n - u + 125, 0*u + u + 83 = -3*n. Let t = n - -45. What is the units digit of t?
9
Let p = -41390 + 82002. What is the tens digit of p?
1
Let v be 28/42 - 2078/3. Let y = -359 - v. What is the hundreds digit of y?
3
Let c be ((-72)/20)/(3/180). Let b = 735 - c. What is the units digit of b?
1
Let r = 1568 - 714. What is the hundreds digit of r?
8
Suppose -18*t - 21*t + 346143 = -18*t. What is the tens digit of t?
8
Let d be (-1)/(((-2)/(-2))/(-3)). Let n be (-2 + (-30)/(-9))/(16/48). Suppose -z + n*g + 680 = d*z, -3*g = 4*z - 701. What is the units digit of z?
3
Suppose 31 = 7*a - 333. Suppose -6 = -a*g + 55*g. What is the units digit of ((-22)/(-33))/(-4*g/852)?
1
Let p be (-8)/(-2) - (956 + -13). Let d = p + 1358. What is the hundreds digit of d?
4
What is the hundreds digit of 93/((-54)/99*1/(-4))?
6
Let t = 48 + -49. Let j be (-28)/28 + t + 16/(-1). Let g(u) = -u**3 - 19*u**2 - 23*u - 3. What is the tens digit of g(j)?
8
Let v = 42420 - 25515. What is the tens digit of v?
0
Let y = 14730 + -4475. What is the hundreds digit of y?
2
Let z(k) = 527*k**3 - 12*k**2 + 10*k - 6. What is the tens digit of z(2)?
8
Suppose 2*w = -f + 77, f + 4*w + 0*w = 71. Let y = 356 - f. Suppose -3*c - 3*q + y = 0, 2*c + 0*q = -q + 182. What is the tens digit of c?
9
Suppose 3*c + 35 - 10 = 5*n, 4*n + c = 37. What is the hundreds digit of 8*n/288 + 16466/18?
9
Let u(v) = -103*v - 4643. What is the tens digit of u(-100)?
5
Suppose 69*i = 73*i - 4*k - 9348, 2 = -k. What is the hundreds digit of i?
3
Suppose 0 = 5*x - k + 2, -x + 5*k - 10*k - 16 = 0. What is the tens digit of x*((-20)/(-4) - 1) + 313?
0
Let u = -25 - -9. Let d = u + 99. Suppose -5*r = -2*t - d - 230, 5*r = t + 309. What is the tens digit of r?
6
Let a be (-76)/8*(-22 + 4). Suppose -89 = -20*l + a. What is the units digit of l?
3
Let h = -627 - -1603. Suppose 0 = 6*l + h + 350. Let n = l - -313. What is the units digit of n?
2
Let o = -8322 + 16423. What is the tens digit of o?
0
Suppose 7*u - 740 = -3*u. Let m = -9 + u. Let y = m + 19. What is the units digit of y?
4
What is the thousands digit of (18/(-12))/(18/(-349320)*5)?
5
What is the units digit of (-4 - -5)/(-3 - (-43120)/14372)?
3
Suppose -4*a - 1 = 7. Let x be 1*((a - -3) + 2). Suppose -l = x*l - 464. What is the units digit of l?
6
Let u be (-10)/(-35) - (-33)/7. Suppose -u*v + 5 - 30 = 0. What is the tens digit of (-1)/(v/(-450)*-2)?
4
Let v = -3602 - -11335. What is the hundreds digit of v?
7
Suppose 1633 + 644 = 23*p. Suppose -6*j = -5*j - p. What is the tens digit of j?
9
Let j(l) = 5*l - 44. Let f be j(10). Suppose d = -2 + f. What is the units digit of d?
4
Suppose -j + 15421 = 4*v, -7*j - 62*v + 107730 = -65*v. What is the hundreds digit of j?
3
Let n(b) = 15532*b - 2039. What is the ten thousands digit of n(2)?
2
Suppose -18064 = -5*t - 4*s + 6834, -s = t - 4981. What is the units digit of t?
4
Suppose 0 = d + 11 - 20. Suppose d*u = 8*u + 200. What is the units digit of u?
0
Let k(n) = -1098*n + 1758. What is the tens digit of k(-6)?
4
Let l be ((-36)/48)/(2/8) - -10. Suppose 4*n = 3*c + 1837, -l*n + 2298 = -2*n - 2*c. What is the hundreds digit of n?
4
Suppose -3*z - 4378 = -r, 0 = -5*r + z + 26036 - 4132. What is the thousands digit of r?
4
Let j be (-105)/(-10)*((-8)/6 + 2). Let b = 4 - j. What is the tens digit of (70/b)/(12/(-36))?
7
Let i be -4*(9/(-2) - -4). Suppose -5*b - i*b = -931. Let k = -67 + b. What is the units digit of k?
6
Let k